{"id":1263,"date":"2023-02-13T22:44:17","date_gmt":"2023-02-13T22:44:17","guid":{"rendered":"https:\/\/aruinadourada.com\/gdavini\/?page_id=1263"},"modified":"2023-03-01T20:20:13","modified_gmt":"2023-03-01T20:20:13","slug":"alex-rise","status":"publish","type":"page","link":"https:\/\/aruinadourada.com\/gdavini\/alex-rise\/","title":{"rendered":"Alex Rise"},"content":{"rendered":"<div class=\"wpb-content-wrapper\"><p>[vc_row][vc_column width=&#8221;1\/2&#8243;][vc_column_text]<\/p>\n<p style=\"text-align: justify;\"><span style=\"color: #000000;\"><strong>Alex Rise <\/strong>\u00e9 o 2\u00ba jogo digital desenvolvido pela equipe <strong>The Rise of the N4verending Shadows<\/strong>. Ele foi desenvolvido ao longo de um per\u00edodo de 2 days durante o evento Global Game Jam em 2014. O jogo \u00e9 de luta 3D em estilo musou constru\u00eddo em Unity e mostrado aqui em sua vers\u00e3o PC (WebGL), mas tamb\u00e9m possui uma vers\u00e3o mobile (Android).<\/span><\/p>\n<p style=\"text-align: justify;\"><span style=\"color: #000000;\">Nesse jogo, o jogador controla dois personagens, um diabo e um anjo, e pode alternar livremente entre eles durante a partida, enquanto abre caminho atrav\u00e9s de uma legi\u00e3o de anjos hostis e hordas de diabos, ambos focados em matar o personagem do jogador, em um cen\u00e1rio que relembra um para\u00edso com inspira\u00e7\u00f5es romanas. Apesar do\u00a0<strong>Alex\u00a0<\/strong>n\u00e3o aparecer diretamente no jogo, ele \u00e9 representado pela encarna\u00e7\u00e3o da dualidade anjo-diabo dos dois personagens principais, ligados um ao outro pelo acaso e destinados a sintetizarem suas ess\u00eancias opostas em um ser todo poderoso.<\/span><\/p>\n<p>[\/vc_column_text][\/vc_column][vc_column width=&#8221;1\/2&#8243;]<div class=\"edgt-iwt-over edgt-enable-hover-animation\">\n\t\t<div class=\"edgt-image-holder\">\n\t\t<img loading=\"lazy\" decoding=\"async\" width=\"960\" height=\"540\" src=\"https:\/\/aruinadourada.com\/gdavini\/wp-content\/uploads\/sites\/2\/2023\/02\/alex-rise-bg.png\" class=\"attachment-full size-full\" alt=\"\" srcset=\"https:\/\/aruinadourada.com\/gdavini\/wp-content\/uploads\/sites\/2\/2023\/02\/alex-rise-bg.png 960w, https:\/\/aruinadourada.com\/gdavini\/wp-content\/uploads\/sites\/2\/2023\/02\/alex-rise-bg-300x169.png 300w, https:\/\/aruinadourada.com\/gdavini\/wp-content\/uploads\/sites\/2\/2023\/02\/alex-rise-bg-768x432.png 768w\" sizes=\"auto, (max-width: 960px) 100vw, 960px\" \/>\t<\/div>\n\t<div class=\"edgt-text-holder\" >\n\t\t<div class=\"edgt-text-holder-table\">\n\t\t\t<div class=\"edgt-text-holder-cell\">\n\t\t\t\t<h3 class=\"edgt-iwt-text\">\n\t\t\t\t\tJogo Indispon\u00edvel\t\t\t\t<\/h3>\n\t\t\t<\/div>\n\t\t<\/div>\n\t<\/div>\n<\/div>[\/vc_column][\/vc_row]<\/p>\n<\/div>","protected":false},"excerpt":{"rendered":"<p>[vc_row][vc_column width=&#8221;1\/2&#8243;][vc_column_text] Alex Rise \u00e9 o 2\u00ba jogo digital desenvolvido pela equipe The Rise of the N4verending Shadows. Ele foi desenvolvido ao longo de um per\u00edodo de 2 days durante o evento Global Game Jam em 2014. O jogo \u00e9 de luta 3D em estilo&#8230;<\/p>\n","protected":false},"author":1,"featured_media":0,"parent":0,"menu_order":0,"comment_status":"closed","ping_status":"closed","template":"","meta":{"footnotes":""},"class_list":["post-1263","page","type-page","status-publish","hentry"],"_links":{"self":[{"href":"https:\/\/aruinadourada.com\/gdavini\/wp-json\/wp\/v2\/pages\/1263","targetHints":{"allow":["GET"]}}],"collection":[{"href":"https:\/\/aruinadourada.com\/gdavini\/wp-json\/wp\/v2\/pages"}],"about":[{"href":"https:\/\/aruinadourada.com\/gdavini\/wp-json\/wp\/v2\/types\/page"}],"author":[{"embeddable":true,"href":"https:\/\/aruinadourada.com\/gdavini\/wp-json\/wp\/v2\/users\/1"}],"replies":[{"embeddable":true,"href":"https:\/\/aruinadourada.com\/gdavini\/wp-json\/wp\/v2\/comments?post=1263"}],"version-history":[{"count":9,"href":"https:\/\/aruinadourada.com\/gdavini\/wp-json\/wp\/v2\/pages\/1263\/revisions"}],"predecessor-version":[{"id":1443,"href":"https:\/\/aruinadourada.com\/gdavini\/wp-json\/wp\/v2\/pages\/1263\/revisions\/1443"}],"wp:attachment":[{"href":"https:\/\/aruinadourada.com\/gdavini\/wp-json\/wp\/v2\/media?parent=1263"}],"curies":[{"name":"wp","href":"https:\/\/api.w.org\/{rel}","templated":true}]}}