{"id":1233,"date":"2023-02-13T18:55:55","date_gmt":"2023-02-13T18:55:55","guid":{"rendered":"https:\/\/aruinadourada.com\/gdavini\/?page_id=1233"},"modified":"2023-03-01T04:41:32","modified_gmt":"2023-03-01T04:41:32","slug":"alex-saga","status":"publish","type":"page","link":"https:\/\/aruinadourada.com\/gdavini\/alex-saga\/","title":{"rendered":"Alex Saga"},"content":{"rendered":"<div class=\"wpb-content-wrapper\"><p>[vc_row][vc_column width=&#8221;1\/3&#8243;][vc_column_text]<span style=\"color: #000000;\">A s\u00e9rie de jogos\u00a0<strong>Alex\u00a0<\/strong>foi desenvolvida pela equipe <strong>The Rise of the N4verending Shadows<\/strong>. Eles come\u00e7aram com o jogo <strong>Alex and the Devils<\/strong>, desenvolvido em um per\u00edodo de 48 horas durante o evento SPJam em 2013.<\/span><\/p>\n<p style=\"text-align: justify;\"><span style=\"color: #000000;\"><img loading=\"lazy\" decoding=\"async\" class=\"size-full wp-image-1272 aligncenter\" src=\"http:\/\/aruinadourada.com\/gdavini\/wp-content\/uploads\/sites\/2\/2023\/02\/alexgif.gif\" alt=\"\" width=\"50\" height=\"50\" \/><\/span><\/p>\n<p style=\"text-align: justify;\"><span style=\"color: #000000;\">A equipe completa \u00e9 formada por s\u00e3o Gabriel Davini, Ramon Camata, Leonardo Gangini, Fernando Duque, Fernando Balciunas, Carlos Gomes, Hudson Ornelas e Yuri Padovani. Todos eles foram colegas de turma no curso de Design de Games da universidade Anhembi Morumbi.<\/span><\/p>\n<p>[\/vc_column_text][\/vc_column][vc_column width=&#8221;1\/3&#8243;]\n<div class=\"edgt-section-title edgt-section-align-center\">\n\n    \n        <div class=\"edgt-st-inner\">\n        <div class=\"edgt-st-title-holder\">\n            <h2            class=\"edgt-st-title\" >\n            <span>Alex and the Devils<\/span>\n            <\/h2>\n        <\/div>\n    <\/div>\n        \n    <div class=\"edgt-st-text-holder\">\n        <div class=\"edgt-st-text-text\"><\/div>\n    <\/div>\n\n<\/div><div class=\"edgt-iwt-over edgt-enable-hover-animation\">\n\t\t\t<a href=\"https:\/\/aruinadourada.com\/gdavini\/alex-and-the-devils\/\" target=\"_self\"><\/a>\n\t\t<div class=\"edgt-image-holder\">\n\t\t<img loading=\"lazy\" decoding=\"async\" width=\"960\" height=\"540\" src=\"https:\/\/aruinadourada.com\/gdavini\/wp-content\/uploads\/sites\/2\/2023\/02\/alex-and-the-devils-bg.jpg\" class=\"attachment-full size-full\" alt=\"\" srcset=\"https:\/\/aruinadourada.com\/gdavini\/wp-content\/uploads\/sites\/2\/2023\/02\/alex-and-the-devils-bg.jpg 960w, https:\/\/aruinadourada.com\/gdavini\/wp-content\/uploads\/sites\/2\/2023\/02\/alex-and-the-devils-bg-300x169.jpg 300w, https:\/\/aruinadourada.com\/gdavini\/wp-content\/uploads\/sites\/2\/2023\/02\/alex-and-the-devils-bg-768x432.jpg 768w\" sizes=\"auto, (max-width: 960px) 100vw, 960px\" \/>\t<\/div>\n\t<div class=\"edgt-text-holder\" >\n\t\t<div class=\"edgt-text-holder-table\">\n\t\t\t<div class=\"edgt-text-holder-cell\">\n\t\t\t\t<h3 class=\"edgt-iwt-text\">\n\t\t\t\t\tAlex and the Devils\t\t\t\t<\/h3>\n\t\t\t<\/div>\n\t\t<\/div>\n\t<\/div>\n<\/div>[\/vc_column][vc_column width=&#8221;1\/3&#8243;]\n<div class=\"edgt-section-title edgt-section-align-center\">\n\n    \n        <div class=\"edgt-st-inner\">\n        <div class=\"edgt-st-title-holder\">\n            <h2            class=\"edgt-st-title\" >\n            <span>Alex Rise<\/span>\n            <\/h2>\n        <\/div>\n    <\/div>\n        \n    <div class=\"edgt-st-text-holder\">\n        <div class=\"edgt-st-text-text\"><\/div>\n    <\/div>\n\n<\/div><div class=\"edgt-iwt-over edgt-enable-hover-animation\">\n\t\t\t<a href=\"https:\/\/aruinadourada.com\/gdavini\/alex-rise\/\" target=\"_self\"><\/a>\n\t\t<div class=\"edgt-image-holder\">\n\t\t<img loading=\"lazy\" decoding=\"async\" width=\"960\" height=\"540\" src=\"https:\/\/aruinadourada.com\/gdavini\/wp-content\/uploads\/sites\/2\/2023\/02\/alex-rise-bg.png\" class=\"attachment-full size-full\" alt=\"\" srcset=\"https:\/\/aruinadourada.com\/gdavini\/wp-content\/uploads\/sites\/2\/2023\/02\/alex-rise-bg.png 960w, https:\/\/aruinadourada.com\/gdavini\/wp-content\/uploads\/sites\/2\/2023\/02\/alex-rise-bg-300x169.png 300w, https:\/\/aruinadourada.com\/gdavini\/wp-content\/uploads\/sites\/2\/2023\/02\/alex-rise-bg-768x432.png 768w\" sizes=\"auto, (max-width: 960px) 100vw, 960px\" \/>\t<\/div>\n\t<div class=\"edgt-text-holder\" >\n\t\t<div class=\"edgt-text-holder-table\">\n\t\t\t<div class=\"edgt-text-holder-cell\">\n\t\t\t\t<h3 class=\"edgt-iwt-text\">\n\t\t\t\t\tAlex Rise\t\t\t\t<\/h3>\n\t\t\t<\/div>\n\t\t<\/div>\n\t<\/div>\n<\/div>[\/vc_column][\/vc_row][vc_row][vc_column][vc_empty_space][\/vc_column][\/vc_row][vc_row][vc_column width=&#8221;1\/3&#8243;]\n<div class=\"edgt-section-title edgt-section-align-center\">\n\n    \n        <div class=\"edgt-st-inner\">\n        <div class=\"edgt-st-title-holder\">\n            <h2            class=\"edgt-st-title\" >\n            <span>Alex Origins<\/span>\n            <\/h2>\n        <\/div>\n    <\/div>\n        \n    <div class=\"edgt-st-text-holder\">\n        <div class=\"edgt-st-text-text\"><\/div>\n    <\/div>\n\n<\/div><div class=\"edgt-iwt-over edgt-enable-hover-animation\">\n\t\t\t<a href=\"https:\/\/aruinadourada.com\/gdavini\/alex-origins\/\" target=\"_self\"><\/a>\n\t\t<div class=\"edgt-image-holder\">\n\t\t<img loading=\"lazy\" decoding=\"async\" width=\"960\" height=\"540\" src=\"https:\/\/aruinadourada.com\/gdavini\/wp-content\/uploads\/sites\/2\/2023\/02\/alex-origins-bg.png\" class=\"attachment-full size-full\" alt=\"\" srcset=\"https:\/\/aruinadourada.com\/gdavini\/wp-content\/uploads\/sites\/2\/2023\/02\/alex-origins-bg.png 960w, https:\/\/aruinadourada.com\/gdavini\/wp-content\/uploads\/sites\/2\/2023\/02\/alex-origins-bg-300x169.png 300w, https:\/\/aruinadourada.com\/gdavini\/wp-content\/uploads\/sites\/2\/2023\/02\/alex-origins-bg-768x432.png 768w\" sizes=\"auto, (max-width: 960px) 100vw, 960px\" \/>\t<\/div>\n\t<div class=\"edgt-text-holder\" >\n\t\t<div class=\"edgt-text-holder-table\">\n\t\t\t<div class=\"edgt-text-holder-cell\">\n\t\t\t\t<h3 class=\"edgt-iwt-text\">\n\t\t\t\t\tAlex Origins\t\t\t\t<\/h3>\n\t\t\t<\/div>\n\t\t<\/div>\n\t<\/div>\n<\/div>[\/vc_column][vc_column width=&#8221;1\/3&#8243;]\n<div class=\"edgt-section-title edgt-section-align-center\">\n\n    \n        <div class=\"edgt-st-inner\">\n        <div class=\"edgt-st-title-holder\">\n            <h2            class=\"edgt-st-title\" >\n            <span>Alex Mansion<\/span>\n            <\/h2>\n        <\/div>\n    <\/div>\n        \n    <div class=\"edgt-st-text-holder\">\n        <div class=\"edgt-st-text-text\"><\/div>\n    <\/div>\n\n<\/div><div class=\"edgt-iwt-over edgt-enable-hover-animation\">\n\t\t\t<a href=\"https:\/\/aruinadourada.com\/gdavini\/alex-mansion\/\" target=\"_self\"><\/a>\n\t\t<div class=\"edgt-image-holder\">\n\t\t<img loading=\"lazy\" decoding=\"async\" width=\"960\" height=\"540\" src=\"https:\/\/aruinadourada.com\/gdavini\/wp-content\/uploads\/sites\/2\/2023\/02\/alex-mansion-bg.png\" class=\"attachment-full size-full\" alt=\"\" srcset=\"https:\/\/aruinadourada.com\/gdavini\/wp-content\/uploads\/sites\/2\/2023\/02\/alex-mansion-bg.png 960w, https:\/\/aruinadourada.com\/gdavini\/wp-content\/uploads\/sites\/2\/2023\/02\/alex-mansion-bg-300x169.png 300w, https:\/\/aruinadourada.com\/gdavini\/wp-content\/uploads\/sites\/2\/2023\/02\/alex-mansion-bg-768x432.png 768w\" sizes=\"auto, (max-width: 960px) 100vw, 960px\" \/>\t<\/div>\n\t<div class=\"edgt-text-holder\" >\n\t\t<div class=\"edgt-text-holder-table\">\n\t\t\t<div class=\"edgt-text-holder-cell\">\n\t\t\t\t<h3 class=\"edgt-iwt-text\">\n\t\t\t\t\tAlex Mansion\t\t\t\t<\/h3>\n\t\t\t<\/div>\n\t\t<\/div>\n\t<\/div>\n<\/div>[\/vc_column][vc_column width=&#8221;1\/3&#8243;]\n<div class=\"edgt-section-title edgt-section-align-center\">\n\n    \n        <div class=\"edgt-st-inner\">\n        <div class=\"edgt-st-title-holder\">\n            <h2            class=\"edgt-st-title\" >\n            <span>Alex Maze<\/span>\n            <\/h2>\n        <\/div>\n    <\/div>\n        \n    <div class=\"edgt-st-text-holder\">\n        <div class=\"edgt-st-text-text\"><\/div>\n    <\/div>\n\n<\/div><div class=\"edgt-iwt-over edgt-enable-hover-animation\">\n\t\t\t<a href=\"https:\/\/aruinadourada.com\/gdavini\/alex-maze\/\" target=\"_self\"><\/a>\n\t\t<div class=\"edgt-image-holder\">\n\t\t<img loading=\"lazy\" decoding=\"async\" width=\"960\" height=\"540\" src=\"https:\/\/aruinadourada.com\/gdavini\/wp-content\/uploads\/sites\/2\/2023\/02\/alex-maze-bg.png\" class=\"attachment-full size-full\" alt=\"\" srcset=\"https:\/\/aruinadourada.com\/gdavini\/wp-content\/uploads\/sites\/2\/2023\/02\/alex-maze-bg.png 960w, https:\/\/aruinadourada.com\/gdavini\/wp-content\/uploads\/sites\/2\/2023\/02\/alex-maze-bg-300x169.png 300w, https:\/\/aruinadourada.com\/gdavini\/wp-content\/uploads\/sites\/2\/2023\/02\/alex-maze-bg-768x432.png 768w\" sizes=\"auto, (max-width: 960px) 100vw, 960px\" \/>\t<\/div>\n\t<div class=\"edgt-text-holder\" >\n\t\t<div class=\"edgt-text-holder-table\">\n\t\t\t<div class=\"edgt-text-holder-cell\">\n\t\t\t\t<h3 class=\"edgt-iwt-text\">\n\t\t\t\t\tAlex Maze\t\t\t\t<\/h3>\n\t\t\t<\/div>\n\t\t<\/div>\n\t<\/div>\n<\/div>[\/vc_column][\/vc_row]<\/p>\n<\/div>","protected":false},"excerpt":{"rendered":"<p>[vc_row][vc_column width=&#8221;1\/3&#8243;][vc_column_text]A s\u00e9rie de jogos\u00a0Alex\u00a0foi desenvolvida pela equipe The Rise of the N4verending Shadows. Eles come\u00e7aram com o jogo Alex and the Devils, desenvolvido em um per\u00edodo de 48 horas durante o evento SPJam em 2013. A equipe completa \u00e9 formada por s\u00e3o Gabriel Davini,&#8230;<\/p>\n","protected":false},"author":1,"featured_media":0,"parent":0,"menu_order":0,"comment_status":"closed","ping_status":"closed","template":"","meta":{"footnotes":""},"class_list":["post-1233","page","type-page","status-publish","hentry"],"_links":{"self":[{"href":"https:\/\/aruinadourada.com\/gdavini\/wp-json\/wp\/v2\/pages\/1233","targetHints":{"allow":["GET"]}}],"collection":[{"href":"https:\/\/aruinadourada.com\/gdavini\/wp-json\/wp\/v2\/pages"}],"about":[{"href":"https:\/\/aruinadourada.com\/gdavini\/wp-json\/wp\/v2\/types\/page"}],"author":[{"embeddable":true,"href":"https:\/\/aruinadourada.com\/gdavini\/wp-json\/wp\/v2\/users\/1"}],"replies":[{"embeddable":true,"href":"https:\/\/aruinadourada.com\/gdavini\/wp-json\/wp\/v2\/comments?post=1233"}],"version-history":[{"count":28,"href":"https:\/\/aruinadourada.com\/gdavini\/wp-json\/wp\/v2\/pages\/1233\/revisions"}],"predecessor-version":[{"id":1401,"href":"https:\/\/aruinadourada.com\/gdavini\/wp-json\/wp\/v2\/pages\/1233\/revisions\/1401"}],"wp:attachment":[{"href":"https:\/\/aruinadourada.com\/gdavini\/wp-json\/wp\/v2\/media?parent=1233"}],"curies":[{"name":"wp","href":"https:\/\/api.w.org\/{rel}","templated":true}]}}